omposite number?
False
Is 102564249787 a composite number?
True
Is 43585218727 prime?
False
Is 115464823 prime?
False
Is 29293158329 a prime number?
True
Is 1020193661 composite?
True
Is 17159647649 composite?
True
Is 179962021 prime?
True
Is 2229607301 a composite number?
True
Is 172438589 prime?
True
Is 2592886093 composite?
True
Is 46855811 composite?
True
Is 1743725539 composite?
True
Is 2673965773 a composite number?
False
Is 13000657213 a composite number?
True
Is 3169872971 a prime number?
False
Is 1119476273 composite?
False
Is 2849273789 a composite number?
True
Is 1666115471 composite?
True
Is 3202206563 a composite number?
False
Is 1042838801 a prime number?
True
Is 1466816759 a composite number?
True
Is 558558095 composite?
True
Is 555140843 prime?
False
Is 561404269 a prime number?
True
Is 319799387 prime?
False
Is 3517463063 composite?
True
Is 13001015743 a composite number?
True
Is 10736087 a prime number?
True
Is 960868249 prime?
False
Is 11576689763 composite?
False
Is 209344963 a prime number?
True
Is 614750161 a composite number?
False
Is 21366271779 a composite number?
True
Is 4674146017 prime?
True
Is 7588911023 a prime number?
False
Is 3146468203 composite?
False
Is 36498743797 composite?
False
Is 5554302749 a composite number?
True
Is 146322359 a prime number?
False
Is 229748983 prime?
True
Is 78461359481 a prime number?
True
Is 1343117791 a prime number?
True
Is 31963730857 a composite number?
False
Is 5641247221 a composite number?
False
Is 338603597 a prime number?
False
Is 37726762817 prime?
False
Is 10286647193 composite?
False
Is 431469176173 a composite number?
True
Is 8080931087 a composite number?
True
Is 14015180435 composite?
True
Is 910447231 composite?
True
Is 2339346683 composite?
True
Is 149833815253 a composite number?
True
Is 49167124883 a prime number?
False
Is 10422424307 a prime number?
False
Is 39227249021 a prime number?
True
Is 1759787515 a prime number?
False
Is 74254753697 a prime number?
True
Is 3474370127 prime?
True
Is 45985157 prime?
False
Is 4884982057 prime?
False
Is 2070285001 a prime number?
False
Is 2439128753 prime?
True
Is 110259587 composite?
True
Is 24413466613 a composite number?
True
Is 283472323 composite?
False
Is 412654511 a composite number?
False
Is 12069563417 a prime number?
False
Is 12882550727 a composite number?
False
Is 110260338389 a composite number?
False
Is 74225087 a composite number?
False
Is 51822831677 a prime number?
True
Is 6558692353 prime?
False
Is 157982613337 prime?
True
Is 13224714259 composite?
False
Is 192144985873 composite?
False
Is 18707922941 composite?
True
Is 17718611279 a prime number?
True
Is 2085691219 a composite number?
True
Is 35233695103 prime?
True
Is 99469085603 a prime number?
True
Is 2578569893 composite?
True
Is 11664158969 a prime number?
True
Is 12302969941 a prime number?
True
Is 43022055107 prime?
False
Is 37808227187 composite?
False
Is 10278274403 a prime number?
False
Is 1053453169 a composite number?
False
Is 542796931 a prime number?
True
Is 127773284651 a composite number?
False
Is 8504017103 a composite number?
False
Is 3576781031 composite?
True
Is 47401812251 composite?
False
Is 527685526 a prime number?
False
Is 4039982113 prime?
False
Is 3190044841 prime?
True
Is 8948465481 a prime number?
False
Is 106632899629 a prime number?
False
Is 1052619593 composite?
False
Is 9694569743 prime?
True
Is 26398225619 a composite number?
False
Is 3173094751 a composite number?
True
Is 3983805437 a composite number?
False
Is 179087591 prime?
False
Is 123322444403 a prime number?
False
Is 1066791173 prime?
False
Is 2254187129 a composite number?
False
Is 2847653203 a prime number?
False
Is 10279173557 a composite number?
False
Is 12698159 a prime number?
True
Is 3098223547 a prime number?
False
Is 73911805481 prime?
True
Is 33961944413 composite?
False
Is 68613944359 a composite number?
False
Is 18965172923 prime?
False
Is 358398319 a prime number?
False
Is 7774535239 a prime number?
True
Is 446185981 a prime number?
True
Is 16651051 a prime number?
True
Is 39563933 prime?
False
Is 1445228557 prime?
False
Is 2725503307 composite?
False
Is 2439800729 composite?
False
Is 645297047 composite?
True
Is 2050986907 prime?
True
Is 6783160717 composite?
False
Is 36983430571 prime?
True
Is 3897641519 prime?
False
Is 2974913261 prime?
False
Is 940665031 a composite number?
False
Is 193597457 composite?
True
Is 9070030639 prime?
True
Is 5558986421 a composite number?
False
Is 216054185 composite?
True
Is 7092913099 prime?
True
Is 25371355739 a composite number?
False
Is 15300430727 prime?
True
Is 251467067 a composite number?
True
Is 2332744793 composite?
True
Is 2390272567 prime?
False
Is 8872984739 a composite number?
True
Is 6566939267 a composite number?
True
Is 1331848423 a composite number?
True
Is 1480831201 composite?
False
Is 129560803 prime?
False
Is 49642351459 composite?
True
Is 33168511 prime?
False
Is 65166163 prime?
True
Is 126960800903 a composite number?
True
Is 787036247 composite?
False
Is 135328956989 composite?
False
Is 10029696571 composite?
False
Is 362782663 prime?
False
Is 19399001023 a composite number?
False
Is 335377541 prime?
False
Is 1567562279 prime?
True
Is 6713693561 a composite number?
True
Is 10358482151 prime?
True
Is 353424395 a prime number?
False
Is 16442348509 prime?
False
Is 1125931169 a composite number?
True
Is 7520522567 a composite number?
False
Is 9808595639 a prime number?
True
Is 97758527 composite?
False
Is 519142573 a prime number?
True
Is 19366760617 composite?
False
Is 217634297 a prime number?
False
Is 2286104287 composite?
False
Is 15591104929 a composite number?
False
Is 9703499161 a prime number?
True
Is 745405781 composite?
True
Is 1187291681 a composite number?
False
Is 65364101 prime?
False
Is 28496299669 a prime number?
True
Is 50359 a composite number?
False
Is 1477668749 composite?
True
Is 1258933229 prime?
False
Is 61122929743 a composite number?
False
Is 604739 prime?
False
Is 535945159 a composite number?
False
Is 10042248299 a prime number?
False
Is 470424407 composite?
True
Is 419633497 a composite number?
False
Is 4436435543 prime?
False
Is 23664265433 a composite number?
True
Is 490247183 composite?
False
Is 5457851639 prime?
False
Is 2561243077 composite?
False
Is 955669343 a composite number?
True
Is 75399426327 a composite number?
True
Is 795449377 prime?
False
Is 229927981 a prime number?
True
Is 160948901 prime?
False
Is 1282424267 composite?
False
Is 58784525851 a prime number?
True
Is 1677876433 a composite number?
True
Is 9139675057 prime?
False
Is 204917437 a prime number?
True
Is 8632641803 prime?
False
Is 2126937523 prime?
True
Is 51031649 composite?
False
Is 19363455379 prime?
False
Is 690341 a prime number?
True
Is 543073651 a composite number?
False
Is 1234384367 prime?
True
Is 36191234641 a composite number?
True
Is 2678540303 composite?
False
Is 717031363 composite?
False
Is 21815998541 composite?
False
Is 7426080529 a composite number?
True
Is 4226306401 prime?
False
Is 58967189623 a composite number?
False
Is 742997807 prime?
False
Is 1158513283 composite?
False
Is 12557801039 composite?
True
Is 317001809 prime?
False
Is 134467691929 a composite number?
False
Is 1021409401 a prime number?
False
Is 94255308703 a composite number?
True
Is 359503589 a composite number?
False
Is 6535517959 a composite number?
True
Is 1003468879 prime?
False
Is 255367891 a composite number?
False
Is 447473377 composite?
True
Is 195265253 a prime number?
True
Is 187277767 a prime number?
False
Is 419435681 a prime number?
False
Is 40103995421 a prime number?
False
Is 46627120223 a composite number?
True
Is 7504628059 a composite number?
True
Is 309100003 composite?
False
Is 33294952003 a prime number?
True
Is 565400683 a prime number?
False
Is 25634263 a prime number?
True
Is 1223869369 prime?
False
Is 10678028521 composite?
False
Is 148636759 a prime number?
True
Is 4493075219 composite?
False
Is 269227643 a composite number?
False
Is 2002324511 a composite number?
True
Is 924528191 composite?
False
Is 7509130067 prime?
False
Is 45676854673 prime?
False
Is 164892993445 a composite number?
True
Is 94141148797 a prime number?
True
Is 1056567241 composite?
False
Is 20352561013 a prime